- 3*h - h = 4, 3*k - h = 8. Suppose -2 = -4*t + k. What is the highest common factor of t and 2?
1
Let r be -4 + (1 - 0 - 0). Let k be ((-11)/(-1) - (0 - r))/1. Calculate the greatest common factor of k and 16.
8
Suppose 16 = 5*p - 4, -110 = 3*f - 5*p. Let n = 1 - f. What is the greatest common divisor of n and 124?
31
Let n = -138 - -144. Suppose -i + 6*i + 28 = 4*b, 5*b = 2*i + 18. Let d be 1 + (1*4)/b. What is the highest common factor of d and n?
3
Suppose 0 = 5*n + 2*h - 2813, -h = -n - 2*n + 1679. Suppose 0 = 3*z - 5*o - 153, -4*z + 2*o + 285 = 81. Calculate the highest common divisor of n and z.
51
Let n(t) = 11*t**2 + 1. Let u be n(-1). Suppose 198 + u = 5*w. Calculate the highest common divisor of w and 14.
14
Suppose -107 - 437 = -2*t. What is the greatest common factor of t and 16?
16
Suppose 0 = 2*s + 3*i - 13, 0*s + 2*i = -4*s + 46. Calculate the greatest common divisor of s and 56.
14
Let p(z) = 110*z + 60. Let m be p(2). Calculate the greatest common factor of m and 40.
40
Suppose -m + 0*l - 15 = -3*l, -4*m - 25 = -5*l. Let k be m + (8/5)/(1/50). Calculate the highest common factor of 32 and k.
16
Let j(a) = -2*a + 41*a**2 + 7 - 3 - 2. Let m be j(2). Let u be (-2)/(-2)*(-36)/(-5 - -3). Calculate the highest common factor of u and m.
18
Suppose 2*f = -2*g - 2, 3*g + 3*f = g - 5. Suppose g*i - 110 = -0*i. Calculate the highest common divisor of 22 and i.
11
Let i(t) = -3*t**2 + 51*t + 74. Let k(d) = -5*d**2 + 76*d + 111. Let n(l) = -8*i(l) + 5*k(l). Let o be n(-10). Calculate the greatest common factor of 13 and o.
13
Suppose 2*f + 2*h = 66, -28 = -f + 5*h + 17. What is the greatest common factor of f and 10?
5
Let f(t) = t + 6. Suppose -15 = 9*h - 12*h. Let x be f(h). What is the greatest common factor of 44 and x?
11
Let z be 25/(-2)*(1 + -5 + -4). Suppose -93 = -5*b + 107. What is the greatest common divisor of z and b?
20
Let w = -56 + 89. Suppose 3*u = o + w, -u - 2*o + 22 = u. Calculate the greatest common divisor of 88 and u.
11
Let g be 37*6 + (5 - 4). Suppose g = -5*d + 2093. Suppose -4*o + d = -2*o. Calculate the greatest common divisor of o and 17.
17
Let l(o) = o**3 + 7*o**2 - o - 3. Let g be l(-7). Suppose 123 = s + 3*k, 5*s - 113 = g*s + 2*k. Calculate the highest common factor of s and 78.
39
Let k(m) = 2*m**2 + 6*m + 11. Let g be k(-3). Suppose -1 - g = -b. Calculate the greatest common factor of b and 60.
12
Let g be -2 + (-8)/(-3 + 2). Let l be 4/g*450/6. What is the highest common divisor of l and 20?
10
Suppose -35 = -5*y + 5*q, -5*q = 2*y - 25 + 11. Let c(u) = u**3 + 7*u**2 + 6*u + 7. Let v be c(-6). Calculate the greatest common factor of v and y.
7
Let b(z) = 2*z**2 + 50*z + 62. Let u be b(-26). What is the highest common factor of 6 and u?
6
Let b be (-2)/(-7) + (-402)/(-14). Suppose 3*c - i + 6*i - b = 0, c - 7 = -3*i. Let d = -181 - -259. Calculate the highest common factor of d and c.
13
Let s be ((-8)/(-6))/((-1)/(-27)). Let g = s + -60. Let i = 6 - g. Calculate the greatest common divisor of i and 10.
10
Let q be 1685/10 + (-12)/8. Suppose 5*k + 0*v - v - 171 = 0, 5*k - 2*v = q. What is the highest common factor of k and 14?
7
Let i(h) = -h**2 + 9*h + 2. Let d be i(7). Let m be (d/(-10))/((-22)/605). Let x be (-4)/(-10) + (-53)/(-5). Calculate the greatest common factor of x and m.
11
Let k(i) = -3*i**3 + 9*i**2 + 2*i - 71. Let j be k(-6). What is the greatest common factor of j and 7?
7
Suppose -385*b = -382*b - 9. Suppose 3*s - 2*d = 87, -3*s - 2*d + 61 = -14. Calculate the highest common divisor of b and s.
3
Suppose -1198*s = -1191*s - 1274. Calculate the greatest common factor of 14 and s.
14
Suppose 3*j = 3*g + 166 + 62, -3*j + 236 = -5*g. What is the highest common factor of 16 and j?
8
Let m be 1 - -5 - (0 + 1). Suppose -7*u - m*i + 1 = -6*u, 5*i + 11 = u. Calculate the greatest common factor of u and 30.
6
Suppose -2*y = 3*q + 2, -2*y + y = -3*q + 10. Let n be -1 - 6*-3 - q. What is the greatest common divisor of n and 20?
5
Suppose 3*r + 3*m = 4*r + 62, 2*r - 5*m + 120 = 0. Let g = 77 + r. Suppose u - 67 = -g. What is the greatest common divisor of 8 and u?
8
Let j(i) = i + 7. Let g be j(5). Let w be (60 - -3)*4/g. Let u = -11 + w. What is the greatest common factor of u and 40?
10
Let w = -44 - -46. Suppose 162 = -4*g + 13*g. What is the highest common factor of w and g?
2
Suppose -11*h - 247 = -12*h. Suppose 0 = -8*c - 5*c + h. Suppose -2*y + 50 + 216 = 0. Calculate the greatest common divisor of c and y.
19
Let q be -1 - (-36)/15 - (-22)/(-55). Let z be 40/4 - (-2 + 4). What is the highest common divisor of q and z?
1
Let w(j) = -8*j - 5. Let x(o) = o**3 + 5*o**2 + 7*o + 10. Let z be x(-4). Let q be w(z). Calculate the highest common divisor of 121 and q.
11
Suppose -9*w + 28*w = 247. Let r be (374 - 1) + w + -18. Calculate the highest common divisor of 16 and r.
16
Let l(v) = 19*v - 66. Let a be l(13). Let b = -86 + a. Calculate the highest common divisor of 19 and b.
19
Let b(g) = -g**3 - 8*g**2 + 4*g + 1. Let l be b(-9). Calculate the highest common divisor of 115 and l.
23
Let p = -59 + 61. What is the greatest common divisor of p and 54?
2
Suppose -2*v = -5*d - 3*v + 536, -3*d + 304 = 5*v. What is the greatest common divisor of 135 and d?
27
Let d = -37 - -145. Calculate the greatest common divisor of 702 and d.
54
Suppose 5*l - 3*t - 20 = 0, 5*l - 16 = l - 4*t. What is the greatest common factor of l and 212?
4
Let a(v) = -v**2 + 9*v + 7. Let j be a(10). Suppose 90 = -9*c + 4*c. Let t be (c/(-15))/j*-45. Calculate the highest common factor of 2 and t.
2
Suppose -2*h = -4*i - 2 - 2, h = 4*i - 2. Let l be (5/5 - -1) + h. Calculate the highest common factor of 24 and l.
8
Suppose 356 = 5*y - g, -16*y + 18*y - 137 = -5*g. What is the highest common divisor of 213 and y?
71
Suppose 0 = -7*m + 1311 + 1216. What is the highest common divisor of m and 95?
19
Suppose -2*k + 7*k - 26 = -d, 4*k - 18 = 2*d. Let j = -6 - -9. Suppose -j*q + m + 44 = -3*m, -4*m + 76 = 3*q. What is the greatest common factor of k and q?
5
Let d = 103 - 97. Let g be (-48)/(-27) - d/(-27). What is the highest common factor of g and 1?
1
Let l(b) = b**2 - 4*b - 5. Let q(u) = -3 + 5 + 2 - 4*u + 0*u. Let d be q(-1). Let p be l(d). What is the highest common factor of 9 and p?
9
Let k(h) = 4*h**2 - 11*h. Let w be k(5). Suppose -2*m + 33 = b + 2*m, 5*b = 4*m + w. Calculate the greatest common factor of b and 13.
13
Suppose 3*l = -47*l + 26350. Calculate the highest common factor of l and 17.
17
Let b(m) = -m**2 - 4*m + 3. Let t be b(0). Suppose -165 = -5*n - 5*k, -3*n + 7 = -4*k - 92. What is the greatest common factor of t and n?
3
Suppose 0 = -31*r + 16*r + 1485. Suppose 4*p + w = 36, 2*p + 4*w = p + 9. What is the greatest common factor of r and p?
9
Let m = 149 + -101. Suppose j = w - 19, 80 + 26 = 4*w + 2*j. What is the highest common factor of w and m?
24
Suppose 6*l - 742 + 712 = 0. Calculate the greatest common divisor of l and 17.
1
Let i be 3 - (3 - 0)/3. Let h = 9 + -6. Suppose -126 = i*q - h*q. What is the greatest common divisor of 14 and q?
14
Suppose 8*s - 525 = 7251. Suppose 0 = -q + 7*q - s. What is the highest common divisor of 18 and q?
18
Suppose -5*q - 2*l = -1123, -18*l = -13*l + 5. What is the greatest common divisor of 99 and q?
9
Let m(n) = -85*n - 74. Let i be m(-5). Calculate the highest common divisor of i and 39.
39
Let x be (-4)/12*(-69 + 0). Let u = x + -37. Let n be (-2838)/u + (-8)/(-28). Calculate the greatest common divisor of 29 and n.
29
Let i(g) = -8*g - 38. Let y be i(-11). Suppose -y*v + 55*v - 145 = 0. What is the greatest common divisor of 261 and v?
29
Let o = -4 + -2. Let p(u) = u**3 + 6*u**2 - 3*u - 2. Let y be p(o). Suppose -10*v + y = -6*v. Calculate the greatest common factor of v and 16.
4
Let h(l) = 129*l + 2. Let v be h(2). Let b(g) = 4*g**2 + 101*g + 293. Let z be b(-3). What is the greatest common divisor of z and v?
26
Let f be (-113)/4 + 13/52. Let g = 46 + f. What is the highest common factor of g and 36?
18
Suppose -2*x + 3*k + 35 = -x, 126 = 4*x + 2*k. Let b(w) = 3*w**3 - 4*w**2 + 10*w - 12. Let h be b(2). What is the highest common factor of h and x?
16
Let t be ((-616)/(-12))/7 + 2/3. What is the greatest common factor of t and 4?
4
Suppose -3*x - 18 = -v + 2